7127?
True
Is 16904667 a multiple of 39?
True
Is 113900067 a multiple of 67?
True
Is 590796627 a multiple of 14?
False
Does 53 divide 167512595?
True
Is 158150058 a multiple of 16?
False
Is 77393915 a multiple of 5?
True
Is 500386 a multiple of 158?
True
Does 75 divide 20463750?
True
Is 6 a factor of 1080411480?
True
Does 846 divide 226866744?
True
Is 264803456 a multiple of 152?
True
Does 6 divide 59287697?
False
Does 37 divide 1759820552?
False
Does 2 divide 53804427?
False
Does 8 divide 24819840?
True
Does 756 divide 1412861220?
False
Is 2373668140 a multiple of 5?
True
Does 417 divide 3593242237?
False
Does 310 divide 403934036?
False
Is 24055143 a multiple of 373?
True
Is 895258216 a multiple of 37?
True
Is 3714047 a multiple of 18?
False
Is 11513369 a multiple of 119?
True
Is 84 a factor of 1360302300?
True
Does 20 divide 49231334?
False
Is 214 a factor of 139302872?
True
Is 343540172 a multiple of 10?
False
Does 109 divide 121434502?
True
Is 311 a factor of 345509717?
False
Is 1704198902 a multiple of 7?
True
Is 341162143 a multiple of 300?
False
Is 415 a factor of 20163605?
True
Is 27 a factor of 19224270?
True
Is 42 a factor of 1434475938?
True
Does 106 divide 5177792918?
True
Does 15 divide 103153875?
True
Is 6 a factor of 752981?
False
Is 1264312 a multiple of 422?
True
Does 13 divide 455590096?
True
Is 3213 a factor of 3003209511?
False
Is 1083 a factor of 22637949?
True
Does 458 divide 2052136326?
True
Is 15289704 a multiple of 73?
True
Is 88674520 a multiple of 8?
True
Does 18 divide 17956134?
True
Is 3524 a factor of 567906696?
True
Is 783553719 a multiple of 31?
False
Is 5 a factor of 1500190?
True
Does 207 divide 743038713?
True
Is 292 a factor of 7593752?
True
Does 49 divide 42921795?
True
Is 13821744 a multiple of 8682?
True
Does 373 divide 73478389?
True
Is 31711479 a multiple of 2146?
False
Does 100 divide 13349300?
True
Does 2 divide 29688047?
False
Is 56 a factor of 11882965?
False
Does 333 divide 533417049?
True
Is 1335168 a multiple of 114?
True
Is 35837223 a multiple of 13?
False
Is 31 a factor of 7155823?
True
Is 43553885 a multiple of 111?
False
Is 896 a factor of 10137984?
False
Does 173 divide 258984287?
True
Does 47 divide 685318280?
True
Is 18 a factor of 1122713127?
False
Does 2730 divide 383551245?
False
Is 1794 a factor of 33762745?
False
Is 175357536 a multiple of 4064?
True
Does 2 divide 486447411?
False
Is 154844750 a multiple of 15?
False
Is 240181527 a multiple of 312?
False
Is 5203632 a multiple of 714?
True
Is 28430415 a multiple of 45?
True
Does 30 divide 3768398734?
False
Is 5 a factor of 53696278?
False
Is 274529553 a multiple of 38?
False
Is 39379392 a multiple of 27?
True
Is 292 a factor of 2680560016?
False
Is 12 a factor of 62303519?
False
Is 30 a factor of 30974310?
True
Is 27397019 a multiple of 1423?
True
Is 344 a factor of 534007?
False
Does 97 divide 21310997?
True
Does 39 divide 9266712?
True
Is 27 a factor of 105602942?
False
Is 1342320 a multiple of 84?
True
Is 166126096 a multiple of 41?
True
Is 13108085 a multiple of 12?
False
Is 564531960 a multiple of 3602?
False
Does 1544 divide 51178796?
False
Is 117115680 a multiple of 10?
True
Is 659553620 a multiple of 2740?
True
Is 121 a factor of 29569617?
True
Is 203000079 a multiple of 62?
False
Is 237 a factor of 44757924?
True
Does 480 divide 1437247680?
True
Does 5 divide 569500610?
True
Is 124 a factor of 188061996?
True
Is 115127544 a multiple of 6?
True
Is 35571414 a multiple of 3?
True
Is 70585631 a multiple of 31?
False
Is 33515688 a multiple of 24?
True
Is 161 a factor of 2969478526?
True
Is 99 a factor of 21611293?
False
Does 24 divide 22754280?
True
Is 79661363 a multiple of 108?
False
Does 66 divide 681783827?
False
Is 109053338 a multiple of 13?
False
Is 7 a factor of 5493246?
False
Is 1322659766 a multiple of 671?
False
Is 274705664 a multiple of 2487?
False
Does 1897 divide 53364507?
True
Does 1019 divide 188691287?
True
Is 109124706 a multiple of 217?
False
Is 3 a factor of 104358816?
True
Is 109608638 a multiple of 839?
True
Is 3665520 a multiple of 432?
True
Is 724 a factor of 46317753?
False
Does 15 divide 1167358605?
True
Does 827 divide 23061722?
True
Is 37 a factor of 260226242?
False
Is 78843029 a multiple of 134?
False
Does 1344 divide 136378368?
True
Is 1517 a factor of 1322185915?
False
Is 1339510046 a multiple of 4339?
True
Is 1785 a factor of 477895564?
False
Is 25 a factor of 20977900?
True
Is 66 a factor of 92939550?
True
Does 593 divide 232280472?
True
Is 20208732 a multiple of 97?
False
Does 21 divide 42515907?
True
Does 6999 divide 2939915952?
True
Is 136215702 a multiple of 42?
True
Is 32 a factor of 215366995?
False
Does 304 divide 7505390?
False
Does 1412 divide 108530790?
False
Is 19 a factor of 71400455?
False
Does 6 divide 951991?
False
Does 10 divide 44077514?
False
Is 225065890 a multiple of 170?
True
Does 229 divide 96857370?
False
Does 279 divide 1785187571?
False
Does 10 divide 148600130?
True
Is 127 a factor of 490078276?
False
Does 2118 divide 119337059?
False
Is 99 a factor of 41938595?
False
Is 472733589 a multiple of 19?
False
Is 44 a factor of 119133103?
False
Does 10584 divide 1722408408?
True
Does 484 divide 6476337692?
True
Does 75 divide 201357944?
False
Is 2697552 a multiple of 131?
True
Is 205869975 a multiple of 4467?
False
Is 301879050 a multiple of 275?
True
Does 11 divide 779904419?
False
Is 134703610 a multiple of 10?
True
Is 16 a factor of 10023648?
True
Is 25640 a multiple of 8?
True
Is 50702820 a multiple of 182?
False
Is 212612871 a multiple of 1052?
False
Does 2082 divide 3548153534?
False
Is 39598581 a multiple of 1551?
True
Is 46429938 a multiple of 2421?
True
Does 7371 divide 826642908?
True
Is 676626652 a multiple of 5956?
False
Is 757 a factor of 549955635?
False
Does 11 divide 41717010?
False
Is 407 a factor of 6967742?
False
Is 11355518 a multiple of 802?
True
Does 166 divide 1899775733?
False
Does 19 divide 101429735?
False
Does 112 divide 162480080?
True
Does 1911 divide 12156454?
False
Is 1754 a factor of 52718224?
True
Is 50 a factor of 337731000?
True
Does 954 divide 207679032?
False
Is 2648426994 a multiple of 724?
False
Does 4 divide 11870784?
True
Is 49368063 a multiple of 247?
False
Does 13 divide 30756194?
False
Is 552 a factor of 53437241?
False
Does 1191 divide 20064227?
False
Is 8429373 a multiple of 33?
False
Is 2530517436 a multiple of 486?
True
Is 15 a factor of 527141235?
True
Is 54 a factor of 109842858?
True
Is 2279 a factor of 723131258?
True
Is 1613 a factor of 52033595?
False
Does 526 divide 28208328?
True
Is 253967472 a multiple of 8?
True
Is 1082768385 a multiple of 7361?
False
Is 91336883 a multiple of 373?
True
Is 2897 a factor of 50677221?
True
Does 10152 divide 2135818368?
True
Is 1851 a factor of 5160214098?
True
Is 29873590 a multiple of 170?
True
Does 655 divide 770476065?
False
Does 80 divide 192122527?
False
Does 12 divide 575989023?
False
Does 158 divide 235647283?
False
Is 271984150 a multiple of 2480?
False
Does 27 divide 496999800?
True
Does 1857 divide 115178085?
False
Is 62075817 a multiple of 19?
False
Is 15 a factor of 182990321?
False
Is 901 a factor of 4666814194?
True
Is 13494624 a multiple of 286?
True
Is 213 a factor of 59894535?
True
Does 2571 divide 659525775?
True
Is 490 a factor of 148894231?
False
Does 625 divide 98059489?
False
Is 23672016 a multiple of 172?
True
Is 79971 a multiple of 23?
True
Is 355 a factor of 1825978000?
True
Is 34 a factor of 1020887?
False
Does 40 divide 136824293?
False
Is 27133005 a multiple of 1065?
True
Is 606 a factor of 5162972?
False
Does 266 divide 96409572?
True
Is 182277946 a multiple of 51?
False
Is 2292027171 a multiple of 437?
False
Is 11513646 a multiple of 7?
False
Does 3 divide 37828574?
False
Is 807884138 a multiple of 1622?
True
Is 60 a factor of 17743920?
True
Does 1588 divide 2315401583?
False
Does 68 divide 4540481448?
True
Is 4 a factor of 311271052?
True
Is 281 a factor of 50521833?
True
Is 4475366 a multiple of 7?
True
Is 4231980 a multiple of 34?
True
Does 43 divide 703134197?
False
Is 4472521 a multiple of 84?
False
Does 92 divide 10667657?
False
Does 4 divide 94202060?
True
Is 193 a factor of 316235132?
True
Is 1065 a factor of 400555543?
False
Does 329 divide 3758